{"id":796,"date":"2018-07-10T12:58:30","date_gmt":"2018-07-10T15:58:30","guid":{"rendered":"https:\/\/isp4-sfe.infd.edu.ar\/sitio\/?page_id=796"},"modified":"2025-08-01T21:53:56","modified_gmt":"2025-08-02T00:53:56","slug":"resolucion-1965-17-prof-historia","status":"publish","type":"page","link":"https:\/\/isp4-sfe.infd.edu.ar\/sitio\/resolucion-1965-17-prof-historia\/","title":{"rendered":""},"content":{"rendered":"\n<div class=\"wp-block-group alignwide is-layout-flow\"><div class=\"wp-block-group__inner-container\">\n<div class=\"wp-block-columns alignwide is-layout-flex wp-container-3\">\n<div class=\"wp-block-column is-layout-flow\">\n<h2 class=\"wp-block-heading has-text-color\" style=\"color:#097e8f\">Plan de Estudio | Resoluci\u00f3n <strong>1968\/17<\/strong><\/h2>\n\n\n\n<hr class=\"wp-block-separator has-text-color has-alpha-channel-opacity has-background\" style=\"background-color:#097e8f;color:#097e8f\"\/>\n\n\n\n<p><strong>Prof. de Educaci\u00f3n Secundaria en Historia<\/strong><\/p>\n\n\n\n<p>&#x26a0; Para acceder al Plan de Estudio (Decreto 696\/01), hacer clic en el siguiente bot\u00f3n<\/p>\n\n\n\n<div class=\"wp-block-buttons is-layout-flex\">\n<div class=\"wp-block-button is-style-outline\"><a class=\"wp-block-button__link has-text-color wp-element-button\" href=\"https:\/\/isp4-sfe.infd.edu.ar\/sitio\/prof-de-educacion-secundaria-en-historia\/\" style=\"border-radius:50px;color:#097e8f\" target=\"_blank\" rel=\"noreferrer noopener\">Plan de Estudio | Decreto 696\/01<\/a><\/div>\n<\/div>\n<\/div>\n<\/div>\n<\/div><\/div>\n\n\n\n<p class=\"has-text-color\" style=\"color:#097e8f\"><strong>Primer a\u00f1o<\/strong><\/p>\n\n\n\n<figure class=\"wp-block-table\"><table><tbody><tr><td>Espacio y Sociedad<\/td><td><\/td><\/tr><tr><td>Pedagog\u00eda<\/td><td><\/td><\/tr><tr><td>Psicolog\u00eda y Educaci\u00f3n<\/td><td><\/td><\/tr><tr><td>UCCV: Problem\u00e1ticas de Antropolog\u00eda y Sociolog\u00eda<\/td><td><\/td><\/tr><tr><td>Historia de Europa I<\/td><td><\/td><\/tr><tr><td>Introducci\u00f3n al Conocimiento Hist\u00f3rico<\/td><td><\/td><\/tr><tr><td>Paleohistoria e Historia De Asia y \u00c1frica<\/td><td><\/td><\/tr><tr><td>Pr\u00e1ctica Docente I: Escenarios Educativos<\/td><td><\/td><\/tr><tr><td>UCO<\/td><td><\/td><\/tr><\/tbody><\/table><\/figure>\n\n\n\n<p class=\"has-text-color\" style=\"color:#097e8f\"><strong>Segundo a\u00f1o<\/strong><\/p>\n\n\n\n<figure class=\"wp-block-table\"><table><tbody><tr><td>Did\u00e1ctica Y Curriculum<\/td><td><\/td><\/tr><tr><td>Filosof\u00eda<\/td><td><\/td><\/tr><tr><td>Instituciones Educativas<\/td><td><\/td><\/tr><tr><td>Problem\u00e1ticas de la Ciencia Pol\u00edtica y la Econom\u00eda<\/td><td><\/td><\/tr><tr><td>Historia Americana I<\/td><td><\/td><\/tr><tr><td>Historia Argentina I<\/td><td><\/td><\/tr><tr><td>Historia de Europa II<\/td><td><\/td><\/tr><tr><td>Sujetos de la Educaci\u00f3n Secundaria<\/td><td><\/td><\/tr><tr><td>Pr\u00e1ctica Docente II: La Instituci\u00f3n Escolar<\/td><td><\/td><\/tr><\/tbody><\/table><\/figure>\n\n\n\n<p class=\"has-text-color\" style=\"color:#097e8f\"><strong>Tercer a\u00f1o<\/strong><\/p>\n\n\n\n<figure class=\"wp-block-table\"><table><tbody><tr><td>UCCV: Problemas de la Construcci\u00f3n de la Ciudadania en la Argentina<\/td><td><\/td><\/tr><tr><td>Did\u00e1ctica de la Historia I<\/td><td><\/td><\/tr><tr><td>Historia Americana II<\/td><td><\/td><\/tr><tr><td>Historia Argentina II<\/td><td><\/td><\/tr><tr><td>Historia Contempor\u00e1nea de Asia Y \u00c1frica<\/td><td><\/td><\/tr><tr><td>Historia de Europa III<\/td><td><\/td><\/tr><tr><td>Metodolog\u00eda de la Investigaci\u00f3n Hist\u00f3rica<\/td><td><\/td><\/tr><tr><td>Pr\u00e1ctica Docente III: La Clase, los Procesos del Aprender y del Ense\u00f1ar<\/td><td><\/td><\/tr><tr><td>Unidad De Definici\u00f3n Institucional<\/td><td><\/td><\/tr><\/tbody><\/table><\/figure>\n\n\n\n<p class=\"has-text-color\" style=\"color:#097e8f\"><strong>Cuarto a\u00f1o<\/strong><\/p>\n\n\n\n<figure class=\"wp-block-table\"><table><tbody><tr><td>Educaci\u00f3n Sexual Integral<\/td><td><\/td><\/tr><tr><td>\u00c9tica y Trabajo Docente<\/td><td><\/td><\/tr><tr><td>Did\u00e1ctica De La Historia II<\/td><td><\/td><\/tr><tr><td>Historia Americana III<\/td><td><\/td><\/tr><tr><td>Historia Argentina III<\/td><td><\/td><\/tr><tr><td>Historia de Europa IV<\/td><td><\/td><\/tr><tr><td>Seminario de Investigaci\u00f3n Hist\u00f3rica<\/td><td><\/td><\/tr><tr><td>Teor\u00eda e Historia de la Historiografia<\/td><td><\/td><\/tr><tr><td>Pr\u00e1ctica Docente IV: Residencia: El Rol Docente y su Pr\u00e1ctica<\/td><td><\/td><\/tr><\/tbody><\/table><\/figure>\n","protected":false},"excerpt":{"rendered":"<p>Plan de Estudio | Resoluci\u00f3n 1968\/17 Prof. de Educaci\u00f3n Secundaria en Historia &#x26a0; Para acceder al Plan de Estudio (Decreto 696\/01), hacer clic en el siguiente bot\u00f3n Primer a\u00f1o Espacio y Sociedad Pedagog\u00eda Psicolog\u00eda y Educaci\u00f3n UCCV: Problem\u00e1ticas de Antropolog\u00eda y Sociolog\u00eda Historia de Europa I Introducci\u00f3n al Conocimiento Hist\u00f3rico Paleohistoria e Historia De Asia &#8230; <a title=\"\" class=\"read-more\" href=\"https:\/\/isp4-sfe.infd.edu.ar\/sitio\/resolucion-1965-17-prof-historia\/\" aria-label=\"More on \">[+]<\/a><\/p>\n","protected":false},"author":1921,"featured_media":0,"parent":0,"menu_order":0,"comment_status":"closed","ping_status":"closed","template":"","meta":[],"acf":[],"_links":{"self":[{"href":"https:\/\/isp4-sfe.infd.edu.ar\/sitio\/wp-json\/wp\/v2\/pages\/796"}],"collection":[{"href":"https:\/\/isp4-sfe.infd.edu.ar\/sitio\/wp-json\/wp\/v2\/pages"}],"about":[{"href":"https:\/\/isp4-sfe.infd.edu.ar\/sitio\/wp-json\/wp\/v2\/types\/page"}],"author":[{"embeddable":true,"href":"https:\/\/isp4-sfe.infd.edu.ar\/sitio\/wp-json\/wp\/v2\/users\/1921"}],"replies":[{"embeddable":true,"href":"https:\/\/isp4-sfe.infd.edu.ar\/sitio\/wp-json\/wp\/v2\/comments?post=796"}],"version-history":[{"count":6,"href":"https:\/\/isp4-sfe.infd.edu.ar\/sitio\/wp-json\/wp\/v2\/pages\/796\/revisions"}],"predecessor-version":[{"id":5453,"href":"https:\/\/isp4-sfe.infd.edu.ar\/sitio\/wp-json\/wp\/v2\/pages\/796\/revisions\/5453"}],"wp:attachment":[{"href":"https:\/\/isp4-sfe.infd.edu.ar\/sitio\/wp-json\/wp\/v2\/media?parent=796"}],"curies":[{"name":"wp","href":"https:\/\/api.w.org\/{rel}","templated":true}]}}