{"id":793,"date":"2018-07-10T12:58:30","date_gmt":"2018-07-10T15:58:30","guid":{"rendered":"https:\/\/isp4-sfe.infd.edu.ar\/sitio\/?page_id=793"},"modified":"2025-08-01T23:34:23","modified_gmt":"2025-08-02T02:34:23","slug":"plan-2090-15-prof-de-matematica","status":"publish","type":"page","link":"https:\/\/isp4-sfe.infd.edu.ar\/sitio\/plan-2090-15-prof-de-matematica\/","title":{"rendered":""},"content":{"rendered":"\n<h2 class=\"wp-block-heading has-text-color\" style=\"color:#097e8f\">Plan de Estudio | Plan 2090\/15<\/h2>\n\n\n\n<hr class=\"wp-block-separator has-text-color has-alpha-channel-opacity has-background\" style=\"background-color:#097e8f;color:#097e8f\"\/>\n\n\n\n<p><strong>Prof. de Educ. Secundaria en Matem\u00e1tica<\/strong><\/p>\n\n\n\n<div class=\"wp-block-group alignwide is-layout-flow\"><div class=\"wp-block-group__inner-container\">\n<div class=\"wp-block-columns alignwide is-layout-flex wp-container-3\">\n<div class=\"wp-block-column is-layout-flow\">\n<p>&#x26a0; Para acceder al Plan de Estudio (Decreto 696\/01), hacer clic en el siguiente bot\u00f3n<\/p>\n\n\n\n<div class=\"wp-block-buttons is-layout-flex\">\n<div class=\"wp-block-button is-style-outline\"><a class=\"wp-block-button__link has-text-color wp-element-button\" href=\"https:\/\/isp4-sfe.infd.edu.ar\/sitio\/prof-de-educacion-secundaria-en-matematica\/\" style=\"border-radius:50px;color:#097e8f\" target=\"_blank\" rel=\"noreferrer noopener\">Plan de Estudio | Decreto 696\/01<\/a><\/div>\n<\/div>\n<\/div>\n<\/div>\n<\/div><\/div>\n\n\n\n<p class=\"has-text-color\" style=\"color:#097e8f\"><strong>Primer a\u00f1o<\/strong><\/p>\n\n\n\n<figure class=\"wp-block-table\"><table><tbody><tr><td>Pedagog\u00eda<\/td><td><\/td><\/tr><tr><td>Did\u00e1ctica y Curriculum\u00a0<\/td><td><\/td><\/tr><tr><td>CTS y Educaci\u00f3n Matem\u00e1tica<\/td><td><\/td><\/tr><tr><td>Aritm\u00e9tica y \u00c1lgebra I<\/td><td><\/td><\/tr><tr><td>Geometr\u00eda I<\/td><td><\/td><\/tr><tr><td>C\u00e1lculo I<\/td><td><\/td><\/tr><tr><td>Modelizaci\u00f3n Matem\u00e1tica I<\/td><td><\/td><\/tr><tr><td>Estad\u00edstica Y Probabilidad I<\/td><td><\/td><\/tr><tr><td>Pr\u00e1ctica\u00a0 Docente I: Escenarios Educativos<\/td><td><\/td><\/tr><\/tbody><\/table><\/figure>\n\n\n\n<p class=\"has-text-color\" style=\"color:#097e8f\"><strong>Segundo a\u00f1o<\/strong><\/p>\n\n\n\n<figure class=\"wp-block-table\"><table><tbody><tr><td>Historia y Pol\u00edtica de la Educaci\u00f3n Argentina<\/td><td><\/td><\/tr><tr><td>Instituciones Educativas<\/td><td><\/td><\/tr><tr><td>Psicolog\u00eda y Educaci\u00f3n\u00a0<\/td><td><\/td><\/tr><tr><td>Aritm\u00e9tica Y \u00c1lgebra II<\/td><td><\/td><\/tr><tr><td>Geometr\u00eda II<\/td><td><\/td><\/tr><tr><td>C\u00e1lculo II<\/td><td><\/td><\/tr><tr><td>Modelizaci\u00f3n Matem\u00e1tica II<\/td><td><\/td><\/tr><tr><td>F\u00edsica I<\/td><td><\/td><\/tr><tr><td>Did\u00e1ctica De La Matem\u00e1tica I<\/td><td><\/td><\/tr><tr><td>Pr\u00e1ctica\u00a0 Docente II: La Instituci\u00f3n Escolar<\/td><td><\/td><\/tr><\/tbody><\/table><\/figure>\n\n\n\n<p class=\"has-text-color\" style=\"color:#097e8f\"><strong>Tercer a\u00f1o<\/strong><\/p>\n\n\n\n<figure class=\"wp-block-table\"><table><tbody><tr><td>Filosof\u00eda<\/td><td><\/td><\/tr><tr><td>Metodolog\u00eda De La Investigaci\u00f3n<\/td><td><\/td><\/tr><tr><td>Aritm\u00e9tica Y \u00c1lgebra III<\/td><td><\/td><\/tr><tr><td>Geometr\u00eda III<\/td><td><\/td><\/tr><tr><td>C\u00e1lculo III<\/td><td><\/td><\/tr><tr><td>Modelizaci\u00f3n Matem\u00e1tica III<\/td><td><\/td><\/tr><tr><td>F\u00edsica II<\/td><td><\/td><\/tr><tr><td>Did\u00e1ctica de la Matem\u00e1tica II<\/td><td><\/td><\/tr><tr><td>Sujetos de la Educaci\u00f3n<\/td><td><\/td><\/tr><tr><td>Secundaria Pr\u00e1ctica\u00a0 Docente III: la Clase, los Procesos del Aprender y del Ense\u00f1ar\u00a0<\/td><td><\/td><\/tr><\/tbody><\/table><\/figure>\n\n\n\n<p class=\"has-text-color\" style=\"color:#097e8f\"><strong>Cuarto a\u00f1o<\/strong><\/p>\n\n\n\n<figure class=\"wp-block-table\"><table><tbody><tr><td>Pr\u00e1cticas de Investigaci\u00f3n<\/td><td><\/td><\/tr><tr><td>\u00c9tica y Trabajo Docente<\/td><td><\/td><\/tr><tr><td>Educaci\u00f3n Sexual Integral (ESI)<\/td><td><\/td><\/tr><tr><td>Aritm\u00e9tica y \u00c1lgebra IV<\/td><td><\/td><\/tr><tr><td>Geometr\u00eda IV<\/td><td><\/td><\/tr><tr><td>C\u00e1lculo IV<\/td><td><\/td><\/tr><tr><td>Estad\u00edstica y Probabilidad II<\/td><td><\/td><\/tr><tr><td>Epistemolog\u00eda e Historia de la Matem\u00e1tica<\/td><td><\/td><\/tr><tr><td>Pr\u00e1ctica\u00a0 Docente IV: Residencia. El Rol Docente y su Pr\u00e1ctica<\/td><td><\/td><\/tr><tr><td>Modelizaci\u00f3n Matem\u00e1tica IV<\/td><td><\/td><\/tr><\/tbody><\/table><\/figure>\n","protected":false},"excerpt":{"rendered":"<p>Plan de Estudio | Plan 2090\/15 Prof. de Educ. Secundaria en Matem\u00e1tica &#x26a0; Para acceder al Plan de Estudio (Decreto 696\/01), hacer clic en el siguiente bot\u00f3n Primer a\u00f1o Pedagog\u00eda Did\u00e1ctica y Curriculum\u00a0 CTS y Educaci\u00f3n Matem\u00e1tica Aritm\u00e9tica y \u00c1lgebra I Geometr\u00eda I C\u00e1lculo I Modelizaci\u00f3n Matem\u00e1tica I Estad\u00edstica Y Probabilidad I Pr\u00e1ctica\u00a0 Docente I: &#8230; <a title=\"\" class=\"read-more\" href=\"https:\/\/isp4-sfe.infd.edu.ar\/sitio\/plan-2090-15-prof-de-matematica\/\" aria-label=\"More on \">[+]<\/a><\/p>\n","protected":false},"author":1921,"featured_media":0,"parent":0,"menu_order":0,"comment_status":"closed","ping_status":"closed","template":"","meta":[],"acf":[],"_links":{"self":[{"href":"https:\/\/isp4-sfe.infd.edu.ar\/sitio\/wp-json\/wp\/v2\/pages\/793"}],"collection":[{"href":"https:\/\/isp4-sfe.infd.edu.ar\/sitio\/wp-json\/wp\/v2\/pages"}],"about":[{"href":"https:\/\/isp4-sfe.infd.edu.ar\/sitio\/wp-json\/wp\/v2\/types\/page"}],"author":[{"embeddable":true,"href":"https:\/\/isp4-sfe.infd.edu.ar\/sitio\/wp-json\/wp\/v2\/users\/1921"}],"replies":[{"embeddable":true,"href":"https:\/\/isp4-sfe.infd.edu.ar\/sitio\/wp-json\/wp\/v2\/comments?post=793"}],"version-history":[{"count":5,"href":"https:\/\/isp4-sfe.infd.edu.ar\/sitio\/wp-json\/wp\/v2\/pages\/793\/revisions"}],"predecessor-version":[{"id":5465,"href":"https:\/\/isp4-sfe.infd.edu.ar\/sitio\/wp-json\/wp\/v2\/pages\/793\/revisions\/5465"}],"wp:attachment":[{"href":"https:\/\/isp4-sfe.infd.edu.ar\/sitio\/wp-json\/wp\/v2\/media?parent=793"}],"curies":[{"name":"wp","href":"https:\/\/api.w.org\/{rel}","templated":true}]}}