{"id":782,"date":"2018-07-10T12:58:30","date_gmt":"2018-07-10T15:58:30","guid":{"rendered":"https:\/\/isp4-sfe.infd.edu.ar\/sitio\/?page_id=782"},"modified":"2025-08-01T23:02:14","modified_gmt":"2025-08-02T02:02:14","slug":"prof-de-educacion-secundaria-en-lengua-y-literatura","status":"publish","type":"page","link":"https:\/\/isp4-sfe.infd.edu.ar\/sitio\/prof-de-educacion-secundaria-en-lengua-y-literatura\/","title":{"rendered":""},"content":{"rendered":"\n<h2 class=\"wp-block-heading has-text-color\" style=\"color:#097e8f\">Plan de Estudio | Decreto 696\/01<\/h2>\n\n\n\n<hr class=\"wp-block-separator has-text-color has-alpha-channel-opacity has-background\" style=\"background-color:#097e8f;color:#097e8f\"\/>\n\n\n\n<p><strong>Prof. de Educaci\u00f3n Secundaria en Lengua y Literatura<\/strong><\/p>\n\n\n\n<p class=\"has-text-color\" style=\"color:#097e8f\"><strong>Primer a\u00f1o<\/strong><\/p>\n\n\n\n<figure class=\"wp-block-table\"><table><tbody><tr><td>Pedagog\u00eda<\/td><td><\/td><\/tr><tr><td>Teor\u00eda del Curr\u00edculo y Did\u00e1ctica<\/td><td><\/td><\/tr><tr><td>Psicolog\u00eda Educativa<\/td><td><\/td><\/tr><tr><td>Ling\u00fc\u00edstica General<\/td><td><\/td><\/tr><tr><td>Introducci\u00f3n a los Estudios Literarios<\/td><td><\/td><\/tr><tr><td>Literatura Europea I<\/td><td><\/td><\/tr><tr><td>Taller de Comunicaci\u00f3n Oral y Escrita<\/td><td><\/td><\/tr><tr><td>Trayecto de Pr\u00e1ctica: Taller Docencia I<\/td><td><\/td><\/tr><\/tbody><\/table><\/figure>\n\n\n\n<p class=\"has-text-color\" style=\"color:#097e8f\"><strong>Segundo a\u00f1o<\/strong><\/p>\n\n\n\n<figure class=\"wp-block-table\"><table><tbody><tr><td>Pol\u00edtica e Historia Educativa Argentina (1\u00baC)<\/td><td><\/td><\/tr><tr><td>Organizaci\u00f3n y Gesti\u00f3n Institucional(2\u00baC)<\/td><td><\/td><\/tr><tr><td>Lengua Espa\u00f1ola<\/td><td><\/td><\/tr><tr><td>Literatura Europea II<\/td><td><\/td><\/tr><tr><td>Comunicaci\u00f3n Social I<\/td><td><\/td><\/tr><tr><td>Psicolog\u00eda y Cultura del Alumno<\/td><td><\/td><\/tr><tr><td>ECO(Espacio Curricular Opcional)<\/td><td><\/td><\/tr><tr><td>Lat\u00edn<\/td><td><\/td><\/tr><tr><td>Trayecto de Pr\u00e1ctica: Taller Docencia II<\/td><td><\/td><\/tr><\/tbody><\/table><\/figure>\n\n\n\n<p class=\"has-text-color\" style=\"color:#097e8f\"><strong>Tercer a\u00f1o<\/strong><\/p>\n\n\n\n<figure class=\"wp-block-table\"><table><tbody><tr><td>Filosof\u00eda<\/td><td><\/td><\/tr><tr><td>Ling\u00fc\u00edstica del Texto y An\u00e1lisis del Discurso<\/td><td><\/td><\/tr><tr><td>Literatura Europea III<\/td><td><\/td><\/tr><tr><td>Literatura Latinoamericana I<\/td><td><\/td><\/tr><tr><td>Comunicaci\u00f3n Social II<\/td><td><\/td><\/tr><tr><td>Did\u00e1ctica Espec\u00edfica<\/td><td><\/td><\/tr><tr><td>EDI (Espacio de definici\u00f3n Institucional)<\/td><td><\/td><\/tr><tr><td>Trayecto de Pr\u00e1ctica: Taller Docencia III<\/td><td><\/td><\/tr><\/tbody><\/table><\/figure>\n\n\n\n<p class=\"has-text-color\" style=\"color:#097e8f\"><strong>Cuarto a\u00f1o<\/strong><\/p>\n\n\n\n<figure class=\"wp-block-table\"><table><tbody><tr><td>Historia de la Lengua Espa\u00f1ola<\/td><td><\/td><\/tr><tr><td>Teor\u00eda Literaria<\/td><td><\/td><\/tr><tr><td>Literatura Argentina<\/td><td><\/td><\/tr><tr><td>Modelos Te\u00f3ricos Ling\u00fc\u00edsticos<\/td><td><\/td><\/tr><tr><td>Seminario: Problem\u00e1tica de la Literatura y las Artes Cont.<\/td><td><\/td><\/tr><tr><td>\u00c9tica Profesional<\/td><td><\/td><\/tr><tr><td>Trayecto de Pr\u00e1ctica: Seminario Integraci\u00f3n y S\u00edntesis<\/td><td><\/td><\/tr><tr><td>Trayecto de Pr\u00e1ctica: Taller Docencia IV<\/td><td><\/td><\/tr><\/tbody><\/table><\/figure>\n","protected":false},"excerpt":{"rendered":"<p>Plan de Estudio | Decreto 696\/01 Prof. de Educaci\u00f3n Secundaria en Lengua y Literatura Primer a\u00f1o Pedagog\u00eda Teor\u00eda del Curr\u00edculo y Did\u00e1ctica Psicolog\u00eda Educativa Ling\u00fc\u00edstica General Introducci\u00f3n a los Estudios Literarios Literatura Europea I Taller de Comunicaci\u00f3n Oral y Escrita Trayecto de Pr\u00e1ctica: Taller Docencia I Segundo a\u00f1o Pol\u00edtica e Historia Educativa Argentina (1\u00baC) Organizaci\u00f3n &#8230; <a title=\"\" class=\"read-more\" href=\"https:\/\/isp4-sfe.infd.edu.ar\/sitio\/prof-de-educacion-secundaria-en-lengua-y-literatura\/\" aria-label=\"More on \">[+]<\/a><\/p>\n","protected":false},"author":1921,"featured_media":0,"parent":0,"menu_order":0,"comment_status":"closed","ping_status":"closed","template":"","meta":[],"acf":[],"_links":{"self":[{"href":"https:\/\/isp4-sfe.infd.edu.ar\/sitio\/wp-json\/wp\/v2\/pages\/782"}],"collection":[{"href":"https:\/\/isp4-sfe.infd.edu.ar\/sitio\/wp-json\/wp\/v2\/pages"}],"about":[{"href":"https:\/\/isp4-sfe.infd.edu.ar\/sitio\/wp-json\/wp\/v2\/types\/page"}],"author":[{"embeddable":true,"href":"https:\/\/isp4-sfe.infd.edu.ar\/sitio\/wp-json\/wp\/v2\/users\/1921"}],"replies":[{"embeddable":true,"href":"https:\/\/isp4-sfe.infd.edu.ar\/sitio\/wp-json\/wp\/v2\/comments?post=782"}],"version-history":[{"count":3,"href":"https:\/\/isp4-sfe.infd.edu.ar\/sitio\/wp-json\/wp\/v2\/pages\/782\/revisions"}],"predecessor-version":[{"id":5461,"href":"https:\/\/isp4-sfe.infd.edu.ar\/sitio\/wp-json\/wp\/v2\/pages\/782\/revisions\/5461"}],"wp:attachment":[{"href":"https:\/\/isp4-sfe.infd.edu.ar\/sitio\/wp-json\/wp\/v2\/media?parent=782"}],"curies":[{"name":"wp","href":"https:\/\/api.w.org\/{rel}","templated":true}]}}