{"id":5906,"date":"2026-03-14T13:27:49","date_gmt":"2026-03-14T16:27:49","guid":{"rendered":"https:\/\/isp4-sfe.infd.edu.ar\/sitio\/?page_id=5906"},"modified":"2026-03-14T13:55:11","modified_gmt":"2026-03-14T16:55:11","slug":"practicas-docentes","status":"publish","type":"page","link":"https:\/\/isp4-sfe.infd.edu.ar\/sitio\/practicas-docentes\/","title":{"rendered":""},"content":{"rendered":"\n<div class=\"wp-block-group alignfull has-background is-layout-flow\" style=\"background-color:#f0fff7f0\"><div class=\"wp-block-group__inner-container\">\n<div class=\"wp-block-columns alignwide are-vertically-aligned-center is-layout-flex wp-container-3\">\n<div class=\"wp-block-column is-layout-flow\" style=\"flex-basis:50%\">\n<p class=\"has-text-color\" style=\"color:#4b7033;font-size:30px;line-height:1.1\"><strong>DEPARTAMENTO DE PR\u00c1CTICA DOCENTE<\/strong><\/p>\n<\/div>\n\n\n\n<div class=\"wp-block-column is-layout-flow\" style=\"flex-basis:50%\">\n<p class=\"has-text-align-right\"><strong>JEFES DE PR\u00c1CTICAS<\/strong><\/p>\n\n\n\n<p class=\"has-text-align-right\">Prof. Andrea A. Colombo<br>Prof. Mar\u00eda Antonela Capararo<br>Prof. J\u00e9sica Pe\u00f1a<\/p>\n\n\n\n<hr class=\"wp-block-separator has-text-color has-alpha-channel-opacity has-background is-style-wide\" style=\"background-color:#4b7033;color:#4b7033\"\/>\n<\/div>\n<\/div>\n\n\n\n<p>El departamento de pr\u00e1cticas del ISP N\u00b0 4 se compone por docentes del mismo instituto que se desempe\u00f1an dentro de los talleres de pr\u00e1ctica docente. Los mismos son elegidos por sus colegas de todos los talleres una vez al a\u00f1o.<br><strong><em>La conformaci\u00f3n del mismo se rige seg\u00fan lo establecido en RPDM (reglamento de pr\u00e1ctica docente marco de los institutos Superiores de la pcia. de Santa Fe, decreto 4200\/15) <\/em><\/strong><\/p>\n\n\n\n<p>Entre las funciones de este departamento se destaca:<\/p>\n\n\n\n<ul>\n<li>Coordinar el Campo de la Formaci\u00f3n en la Pr\u00e1ctica Docente articulando todos y cada uno de los actores de los Talleres de Pr\u00e1ctica Docente.<\/li>\n\n\n\n<li>Actuar como nexo entre el IES y las instituciones asociadas mediante acuerdos y convenios con los m\u00e1ximos referentes de los mismos.<\/li>\n\n\n\n<li>Colaborar con los\/as profesores de los Talleres de Pr\u00e1ctica Docente acompa\u00f1ando los procesos de ense\u00f1anza y aprendizaje en las distintas etapas formativas de los\/as estudiantes.<\/li>\n\n\n\n<li>Mediar ante posibles situaciones fortuitas, proponiendo estrategias de intervenci\u00f3n pedag\u00f3gica.<\/li>\n\n\n\n<li>Convocar a Jornadas de capacitaci\u00f3n y trabajo a estudiantes, docentes y coformadores.<\/li>\n\n\n\n<li>Garantizar que los actores involucrados puedan transitar pr\u00e1cticas encuadradas dentro del RPDM, decreto 4200\/15.<\/li>\n\n\n\n<li>Representar al conjunto en el Consejo Acad\u00e9mico.<\/li>\n\n\n\n<li>Participar en eventos institucionales e interinstitucionales.<\/li>\n<\/ul>\n\n\n\n<div class=\"wp-block-buttons is-layout-flex\">\n<div class=\"wp-block-button has-custom-width wp-block-button__width-100 is-style-fill\"><a class=\"wp-block-button__link has-contrast-color has-text-color has-background wp-element-button\" href=\"https:\/\/isp4-sfe.infd.edu.ar\/sitio\/wp-content\/uploads\/2026\/03\/Dec_4200-15_Reglamento_de_Practica.pdf\" style=\"border-radius:0px;background-color:#aad6b4\" target=\"_blank\" rel=\"noreferrer noopener\">REGLAMENTO DE PR\u00c1CTICAS DOCENTES (Decreto 4200-15)<\/a><\/div>\n\n\n\n<div class=\"wp-block-button has-custom-width wp-block-button__width-100 is-style-fill\"><a class=\"wp-block-button__link has-contrast-color has-text-color has-background wp-element-button\" href=\"https:\/\/isp4-sfe.infd.edu.ar\/sitio\/wp-content\/uploads\/2026\/03\/Instituciones-con-convenios.pdf\" style=\"border-radius:0px;background-color:#aad6b4\" target=\"_blank\" rel=\"noreferrer noopener\">INSTITUCIONES CON CONVENIO<\/a><\/div>\n<\/div>\n<\/div><\/div>\n","protected":false},"excerpt":{"rendered":"<p>DEPARTAMENTO DE PR\u00c1CTICA DOCENTE JEFES DE PR\u00c1CTICAS Prof. Andrea A. ColomboProf. Mar\u00eda Antonela CapararoProf. J\u00e9sica Pe\u00f1a El departamento de pr\u00e1cticas del ISP N\u00b0 4 se compone por docentes del mismo instituto que se desempe\u00f1an dentro de los talleres de pr\u00e1ctica docente. Los mismos son elegidos por sus colegas de todos los talleres una vez al &#8230; <a title=\"\" class=\"read-more\" href=\"https:\/\/isp4-sfe.infd.edu.ar\/sitio\/practicas-docentes\/\" aria-label=\"More on \">[+]<\/a><\/p>\n","protected":false},"author":1921,"featured_media":0,"parent":0,"menu_order":0,"comment_status":"closed","ping_status":"closed","template":"","meta":[],"acf":[],"_links":{"self":[{"href":"https:\/\/isp4-sfe.infd.edu.ar\/sitio\/wp-json\/wp\/v2\/pages\/5906"}],"collection":[{"href":"https:\/\/isp4-sfe.infd.edu.ar\/sitio\/wp-json\/wp\/v2\/pages"}],"about":[{"href":"https:\/\/isp4-sfe.infd.edu.ar\/sitio\/wp-json\/wp\/v2\/types\/page"}],"author":[{"embeddable":true,"href":"https:\/\/isp4-sfe.infd.edu.ar\/sitio\/wp-json\/wp\/v2\/users\/1921"}],"replies":[{"embeddable":true,"href":"https:\/\/isp4-sfe.infd.edu.ar\/sitio\/wp-json\/wp\/v2\/comments?post=5906"}],"version-history":[{"count":11,"href":"https:\/\/isp4-sfe.infd.edu.ar\/sitio\/wp-json\/wp\/v2\/pages\/5906\/revisions"}],"predecessor-version":[{"id":5928,"href":"https:\/\/isp4-sfe.infd.edu.ar\/sitio\/wp-json\/wp\/v2\/pages\/5906\/revisions\/5928"}],"wp:attachment":[{"href":"https:\/\/isp4-sfe.infd.edu.ar\/sitio\/wp-json\/wp\/v2\/media?parent=5906"}],"curies":[{"name":"wp","href":"https:\/\/api.w.org\/{rel}","templated":true}]}}