{"id":5507,"date":"2025-08-25T11:23:24","date_gmt":"2025-08-25T14:23:24","guid":{"rendered":"https:\/\/isp4-sfe.infd.edu.ar\/sitio\/?page_id=5507"},"modified":"2026-03-14T13:39:36","modified_gmt":"2026-03-14T16:39:36","slug":"practicas-profesionalizantes","status":"publish","type":"page","link":"https:\/\/isp4-sfe.infd.edu.ar\/sitio\/practicas-profesionalizantes\/","title":{"rendered":""},"content":{"rendered":"\n<div class=\"wp-block-group alignfull has-background is-layout-flow\" style=\"background-color:#f6f6f6\"><div class=\"wp-block-group__inner-container\">\n<div class=\"wp-block-columns alignwide are-vertically-aligned-center is-layout-flex wp-container-3\">\n<div class=\"wp-block-column is-layout-flow\" style=\"flex-basis:50%\">\n<p class=\"has-text-color\" style=\"color:#728596;font-size:30px;line-height:1.1\"><strong>\u00bfQU\u00c9 SON LAS PR\u00c1CTICAS PROFESIONALIZANTES?<\/strong><\/p>\n<\/div>\n\n\n\n<div class=\"wp-block-column is-layout-flow\" style=\"flex-basis:50%\">\n<p class=\"has-text-align-right\">COORDINADOR DE LAS PR\u00c1CTICAS | Prof. Andr\u00e9s Prez<\/p>\n\n\n\n<hr class=\"wp-block-separator has-text-color has-alpha-channel-opacity has-background is-style-wide\" style=\"background-color:#728596;color:#728596\"\/>\n<\/div>\n<\/div>\n\n\n\n<p>Las Pr\u00e1cticas Profesionalizantes son aquellas <strong><em>instancias formativas que forman parte de la propuesta curricular con la finalidad de que los\/as estudiantes consoliden, integren y ampl\u00eden las capacidades y saberes que se corresponden con el perfil profesional para el cual se est\u00e1n formando<\/em><\/strong>.<\/p>\n\n\n\n<p>Tienen como prop\u00f3sito fundamental que los\/as estudiantes afiancen el rol del T\u00e9cnico Superior poniendo en pr\u00e1ctica saberes significativos, con sustento cient\u00edfico-tecnol\u00f3gico y t\u00e9cnico, vinculando la formaci\u00f3n acad\u00e9mica con los requerimientos emergentes de los sectores relacionados con su futura inserci\u00f3n laboral.<\/p>\n\n\n\n<div class=\"wp-block-buttons is-layout-flex\">\n<div class=\"wp-block-button has-custom-width wp-block-button__width-100 is-style-fill\"><a class=\"wp-block-button__link has-background wp-element-button\" href=\"https:\/\/isp4-sfe.infd.edu.ar\/sitio\/wp-content\/uploads\/2026\/03\/Reglamento-de-Practicas-Profesionalizantes-Marco-para-Institutos-de-Educacion-Superior-Decreto-1559-17.pdf\" style=\"border-radius:0px;background-color:#728596\" target=\"_blank\" rel=\"noreferrer noopener\">REGLAMENTO MARCO PARA INSTITUTO DE EDUCACI\u00d3N SUPERIOR (Decreto 1559-17)<\/a><\/div>\n\n\n\n<div class=\"wp-block-button has-custom-width wp-block-button__width-100 is-style-fill\"><a class=\"wp-block-button__link has-background wp-element-button\" href=\"https:\/\/isp4-sfe.infd.edu.ar\/sitio\/wp-content\/uploads\/2026\/03\/PROYECTO-INSTITUCIONAL-DE-PRACTICA-PROFESIONALIZANTES-TSAFSI.pdf\" style=\"border-radius:0px;background-color:#728596\" target=\"_blank\" rel=\"noreferrer noopener\">PROYECTO INSTITUCIONAL DE PRACTICA PROFESIONALIZANTES (Tec. Sup. en An\u00e1lisis de Sistemas Inform\u00e1ticos)<\/a><\/div>\n\n\n\n<div class=\"wp-block-button has-custom-width wp-block-button__width-100 is-style-fill\"><a class=\"wp-block-button__link has-background wp-element-button\" href=\"https:\/\/isp4-sfe.infd.edu.ar\/sitio\/wp-content\/uploads\/2026\/03\/PROYECTO-INSTITUCIONAL-DE-PRACTICA-PROFESIONALIZANTES-TSGO.pdf\" style=\"border-radius:0px;background-color:#728596\" target=\"_blank\" rel=\"noreferrer noopener\">PROYECTO INSTITUCIONAL DE PRACTICA PROFESIONALIZANTES (Tec. Sup. en Gesti\u00f3n de las Organizaciones)<\/a><\/div>\n<\/div>\n<\/div><\/div>\n\n\n\n<h5 class=\"wp-block-heading has-text-color\" style=\"color:#728596;text-transform:uppercase\"><strong>Organizaciones participantes<\/strong><\/h5>\n\n\n\n<figure class=\"wp-block-image size-full\"><img decoding=\"async\" loading=\"lazy\" width=\"1000\" height=\"250\" src=\"https:\/\/isp4-sfe.infd.edu.ar\/sitio\/wp-content\/uploads\/2026\/03\/Banner_WEB_ISP4___11_-removebg-preview.png\" alt=\"\" class=\"wp-image-5904\" srcset=\"https:\/\/isp4-sfe.infd.edu.ar\/sitio\/wp-content\/uploads\/2026\/03\/Banner_WEB_ISP4___11_-removebg-preview.png 1000w, https:\/\/isp4-sfe.infd.edu.ar\/sitio\/wp-content\/uploads\/2026\/03\/Banner_WEB_ISP4___11_-removebg-preview-768x192.png 768w\" sizes=\"(max-width: 1000px) 100vw, 1000px\" \/><\/figure>\n\n\n\n<h5 class=\"wp-block-heading has-text-color\" style=\"color:#728596;text-transform:uppercase\"><strong>Comentarios recibidos<\/strong><\/h5>\n\n\n\n<p>A continuaci\u00f3n, algunas devoluciones sobre las Pr\u00e1cticas Profesionalizantes \u2013 Pasant\u00edas Externas recibidas durante el a\u00f1o por parte de los propios alumnos pasantes, tutores e instituciones externas<em>.<\/em><\/p>\n\n\n\n<div class=\"wp-block-columns is-layout-flex wp-container-7\">\n<div class=\"wp-block-column is-layout-flow\">\n<blockquote class=\"wp-block-quote\">\n<p style=\"font-size:17px\">\u201cHacer esta pr\u00e1ctica es generar oportunidades y tomar experiencias\u201d.<\/p>\n<\/blockquote>\n<\/div>\n<\/div>\n\n\n\n<div class=\"wp-block-columns is-layout-flex wp-container-10\">\n<div class=\"wp-block-column is-layout-flow\">\n<blockquote class=\"wp-block-quote\">\n<p style=\"font-size:16px\"><em>\u201cUna oportunidad de conocer el mundo laboral, un nuevo desaf\u00edo, nuevos aprendizajes y la posibilidad de poner en pr\u00e1ctica las herramientas que me fue brindando el equipo de docentes del Instituto. Una posibilidad de demostrar mis habilidades.\u201d<\/em><\/p>\n<\/blockquote>\n<\/div>\n\n\n\n<div class=\"wp-block-column is-layout-flow\">\n<blockquote class=\"wp-block-quote\">\n<p style=\"font-size:16px\">\u201cQuiero agradecerle a usted profe!!! Gracias por su acompa\u00f1amiento, por la gesti\u00f3n y por estar pendiente de todo siempre.<br>Much\u00edsimas gracias por su apoyo en este proceso.\u201d<\/p>\n<\/blockquote>\n<\/div>\n<\/div>\n\n\n\n<div class=\"wp-block-columns is-layout-flex wp-container-13\">\n<div class=\"wp-block-column is-layout-flow\">\n<blockquote class=\"wp-block-quote\">\n<p style=\"font-size:16px\">\u201cEs una posibilidad de ingresar al mercado laboral, ganar experiencia y poder llevar la pr\u00e1ctica lo aprendido en la carrera.<br>Conocer la realidad del contexto fuera del Instituto, conocer nuevas personas y generar nuevos compa\u00f1eros\u201d.<\/p>\n<\/blockquote>\n<\/div>\n\n\n\n<div class=\"wp-block-column is-layout-flow\">\n<blockquote class=\"wp-block-quote\">\n<p style=\"font-size:16px\">\u201cUna oportunidad y tambi\u00e9n un privilegio. Una oportunidad porque permite que te introduzcas al mundo laboral, conocer personas, ampliar conocimientos. Un privilegio porque no todos pueden acceder a una pasant\u00eda donde el m\u00e9rito es importante\u201d.<\/p>\n<\/blockquote>\n<\/div>\n<\/div>\n\n\n\n<div class=\"wp-block-columns is-layout-flex wp-container-16\">\n<div class=\"wp-block-column is-layout-flow\">\n<blockquote class=\"wp-block-quote\">\n<p style=\"font-size:16px\">\u201cUna gran oportunidad para comprender el funcionamiento del mercado laboral, seguir aprendiendo y aplicar lo que me ense\u00f1an en la carrera. Considero que las pr\u00e1cticas son muy importantes porque te abren puertas a futuro y podes adquirir much\u00edsima experiencia. Estoy disfrutando mucho y ojal\u00e1 pueda seguir trabajando en esta empresa\u201d.<\/p>\n<\/blockquote>\n<\/div>\n\n\n\n<div class=\"wp-block-column is-layout-flow\">\n<blockquote class=\"wp-block-quote\">\n<p class=\"has-text-align-left\" style=\"font-size:16px\">\u201cLas Pr\u00e1cticas fueron muy importantes para mi. Fue mi primera experiencia en un ambiente laboral y aprend\u00ed muchas cosas desde hardware, software, redes, trabajo en equipo, organizaci\u00f3n de tareas, etc. Me sirvi\u00f3 much\u00edsimo la experiencia y me quede con ganas de seguir aprendiendo\u201d.<\/p>\n<\/blockquote>\n<\/div>\n<\/div>\n\n\n\n<blockquote class=\"wp-block-quote\">\n<p style=\"font-size:16px\"><em>\u201cUn puente indispensable entre la teor\u00eda y la realidad laboral. Me permiti\u00f3 comprender la complejidad y dinamismo de una organizaci\u00f3n. Pude comprobar la intensidad de los ritmos de trabajo y ver la importancia del trabajo en equipo, algo que siempre nos se\u00f1alaron en la carrera. <br>Las Pr\u00e1cticas han sido un componente esencial y sumamente \u00fatil en mi formaci\u00f3n, d\u00e1ndome una visi\u00f3n clara de los desaf\u00edos reales que enfrenta una empresa.\u201d<\/em><\/p>\n<\/blockquote>\n\n\n\n<blockquote class=\"wp-block-quote has-text-align-right has-background\" style=\"background-color:#f6f6f6\">\n<p style=\"font-size:16px\"><em>\u201cQueremos agradecerle por la formaci\u00f3n que brindan. La alumna mostr\u00f3 una preparaci\u00f3n acad\u00e9mica y actitud de calidad, lo cual refleja claramente su gu\u00eda y acompa\u00f1amiento. Su desempe\u00f1o en las Pr\u00e1cticas fue excelente: comprometida, respetuosa, y con una mirada profesional que suma. Gracias por formar personas que realmente marcan diferencia.\u201d<\/em><\/p>\n<cite>Tutor de una estudiante<\/cite><\/blockquote>\n","protected":false},"excerpt":{"rendered":"<p>\u00bfQU\u00c9 SON LAS PR\u00c1CTICAS PROFESIONALIZANTES? COORDINADOR DE LAS PR\u00c1CTICAS | Prof. Andr\u00e9s Prez Las Pr\u00e1cticas Profesionalizantes son aquellas instancias formativas que forman parte de la propuesta curricular con la finalidad de que los\/as estudiantes consoliden, integren y ampl\u00eden las capacidades y saberes que se corresponden con el perfil profesional para el cual se est\u00e1n formando. &#8230; <a title=\"\" class=\"read-more\" href=\"https:\/\/isp4-sfe.infd.edu.ar\/sitio\/practicas-profesionalizantes\/\" aria-label=\"More on \">[+]<\/a><\/p>\n","protected":false},"author":1921,"featured_media":0,"parent":0,"menu_order":0,"comment_status":"closed","ping_status":"closed","template":"","meta":[],"acf":[],"_links":{"self":[{"href":"https:\/\/isp4-sfe.infd.edu.ar\/sitio\/wp-json\/wp\/v2\/pages\/5507"}],"collection":[{"href":"https:\/\/isp4-sfe.infd.edu.ar\/sitio\/wp-json\/wp\/v2\/pages"}],"about":[{"href":"https:\/\/isp4-sfe.infd.edu.ar\/sitio\/wp-json\/wp\/v2\/types\/page"}],"author":[{"embeddable":true,"href":"https:\/\/isp4-sfe.infd.edu.ar\/sitio\/wp-json\/wp\/v2\/users\/1921"}],"replies":[{"embeddable":true,"href":"https:\/\/isp4-sfe.infd.edu.ar\/sitio\/wp-json\/wp\/v2\/comments?post=5507"}],"version-history":[{"count":30,"href":"https:\/\/isp4-sfe.infd.edu.ar\/sitio\/wp-json\/wp\/v2\/pages\/5507\/revisions"}],"predecessor-version":[{"id":5922,"href":"https:\/\/isp4-sfe.infd.edu.ar\/sitio\/wp-json\/wp\/v2\/pages\/5507\/revisions\/5922"}],"wp:attachment":[{"href":"https:\/\/isp4-sfe.infd.edu.ar\/sitio\/wp-json\/wp\/v2\/media?parent=5507"}],"curies":[{"name":"wp","href":"https:\/\/api.w.org\/{rel}","templated":true}]}}

<div class="wp-block-group alignfull has-background is-layout-flow" style="background-color:#f6f6f6"><div class="wp-block-group__inner-container">
<div class="wp-block-columns alignwide are-vertically-aligned-center is-layout-flex wp-container-3">
<div class="wp-block-column is-layout-flow" style="flex-basis:50%">
<p class="has-text-color" style="color:#728596;font-size:30px;line-height:1.1"><strong>¿QUÉ SON LAS PRÁCTICAS PROFESIONALIZANTES?</strong></p>
</div>



<div class="wp-block-column is-layout-flow" style="flex-basis:50%">
<p class="has-text-align-right">COORDINADOR DE LAS PRÁCTICAS | Prof. Andrés Prez</p>



<hr class="wp-block-separator has-text-color has-alpha-channel-opacity has-background is-style-wide" style="background-color:#728596;color:#728596"/>
</div>
</div>



<p>Las Prácticas Profesionalizantes son aquellas <strong><em>instancias formativas que forman parte de la propuesta curricular con la finalidad de que los/as estudiantes consoliden, integren y amplíen las capacidades y saberes que se corresponden con el perfil profesional para el cual se están formando</em></strong>.</p>



<p>Tienen como propósito fundamental que los/as estudiantes afiancen el rol del Técnico Superior poniendo en práctica saberes significativos, con sustento científico-tecnológico y técnico, vinculando la formación académica con los requerimientos emergentes de los sectores relacionados con su futura inserción laboral.</p>



<div class="wp-block-buttons is-layout-flex">
<div class="wp-block-button has-custom-width wp-block-button__width-100 is-style-fill"><a class="wp-block-button__link has-background wp-element-button" href="https://isp4-sfe.infd.edu.ar/sitio/wp-content/uploads/2026/03/Reglamento-de-Practicas-Profesionalizantes-Marco-para-Institutos-de-Educacion-Superior-Decreto-1559-17.pdf" style="border-radius:0px;background-color:#728596" target="_blank" rel="noreferrer noopener">REGLAMENTO MARCO PARA INSTITUTO DE EDUCACIÓN SUPERIOR (Decreto 1559-17)</a></div>



<div class="wp-block-button has-custom-width wp-block-button__width-100 is-style-fill"><a class="wp-block-button__link has-background wp-element-button" href="https://isp4-sfe.infd.edu.ar/sitio/wp-content/uploads/2026/03/PROYECTO-INSTITUCIONAL-DE-PRACTICA-PROFESIONALIZANTES-TSAFSI.pdf" style="border-radius:0px;background-color:#728596" target="_blank" rel="noreferrer noopener">PROYECTO INSTITUCIONAL DE PRACTICA PROFESIONALIZANTES (Tec. Sup. en Análisis de Sistemas Informáticos)</a></div>



<div class="wp-block-button has-custom-width wp-block-button__width-100 is-style-fill"><a class="wp-block-button__link has-background wp-element-button" href="https://isp4-sfe.infd.edu.ar/sitio/wp-content/uploads/2026/03/PROYECTO-INSTITUCIONAL-DE-PRACTICA-PROFESIONALIZANTES-TSGO.pdf" style="border-radius:0px;background-color:#728596" target="_blank" rel="noreferrer noopener">PROYECTO INSTITUCIONAL DE PRACTICA PROFESIONALIZANTES (Tec. Sup. en Gestión de las Organizaciones)</a></div>
</div>
</div></div>



<h5 class="wp-block-heading has-text-color" style="color:#728596;text-transform:uppercase"><strong>Organizaciones participantes</strong></h5>



<figure class="wp-block-image size-full"><img decoding="async" loading="lazy" width="1000" height="250" src="https://isp4-sfe.infd.edu.ar/sitio/wp-content/uploads/2026/03/Banner_WEB_ISP4___11_-removebg-preview.png" alt="" class="wp-image-5904" srcset="https://isp4-sfe.infd.edu.ar/sitio/wp-content/uploads/2026/03/Banner_WEB_ISP4___11_-removebg-preview.png 1000w, https://isp4-sfe.infd.edu.ar/sitio/wp-content/uploads/2026/03/Banner_WEB_ISP4___11_-removebg-preview-768x192.png 768w" sizes="(max-width: 1000px) 100vw, 1000px" /></figure>



<h5 class="wp-block-heading has-text-color" style="color:#728596;text-transform:uppercase"><strong>Comentarios recibidos</strong></h5>



<p>A continuación, algunas devoluciones sobre las Prácticas Profesionalizantes – Pasantías Externas recibidas durante el año por parte de los propios alumnos pasantes, tutores e instituciones externas<em>.</em></p>



<div class="wp-block-columns is-layout-flex wp-container-7">
<div class="wp-block-column is-layout-flow">
<blockquote class="wp-block-quote">
<p style="font-size:17px">“Hacer esta práctica es generar oportunidades y tomar experiencias”.</p>
</blockquote>
</div>
</div>



<div class="wp-block-columns is-layout-flex wp-container-10">
<div class="wp-block-column is-layout-flow">
<blockquote class="wp-block-quote">
<p style="font-size:16px"><em>“Una oportunidad de conocer el mundo laboral, un nuevo desafío, nuevos aprendizajes y la posibilidad de poner en práctica las herramientas que me fue brindando el equipo de docentes del Instituto. Una posibilidad de demostrar mis habilidades.”</em></p>
</blockquote>
</div>



<div class="wp-block-column is-layout-flow">
<blockquote class="wp-block-quote">
<p style="font-size:16px">“Quiero agradecerle a usted profe!!! Gracias por su acompañamiento, por la gestión y por estar pendiente de todo siempre.<br>Muchísimas gracias por su apoyo en este proceso.”</p>
</blockquote>
</div>
</div>



<div class="wp-block-columns is-layout-flex wp-container-13">
<div class="wp-block-column is-layout-flow">
<blockquote class="wp-block-quote">
<p style="font-size:16px">“Es una posibilidad de ingresar al mercado laboral, ganar experiencia y poder llevar la práctica lo aprendido en la carrera.<br>Conocer la realidad del contexto fuera del Instituto, conocer nuevas personas y generar nuevos compañeros”.</p>
</blockquote>
</div>



<div class="wp-block-column is-layout-flow">
<blockquote class="wp-block-quote">
<p style="font-size:16px">“Una oportunidad y también un privilegio. Una oportunidad porque permite que te introduzcas al mundo laboral, conocer personas, ampliar conocimientos. Un privilegio porque no todos pueden acceder a una pasantía donde el mérito es importante”.</p>
</blockquote>
</div>
</div>



<div class="wp-block-columns is-layout-flex wp-container-16">
<div class="wp-block-column is-layout-flow">
<blockquote class="wp-block-quote">
<p style="font-size:16px">“Una gran oportunidad para comprender el funcionamiento del mercado laboral, seguir aprendiendo y aplicar lo que me enseñan en la carrera. Considero que las prácticas son muy importantes porque te abren puertas a futuro y podes adquirir muchísima experiencia. Estoy disfrutando mucho y ojalá pueda seguir trabajando en esta empresa”.</p>
</blockquote>
</div>



<div class="wp-block-column is-layout-flow">
<blockquote class="wp-block-quote">
<p class="has-text-align-left" style="font-size:16px">“Las Prácticas fueron muy importantes para mi. Fue mi primera experiencia en un ambiente laboral y aprendí muchas cosas desde hardware, software, redes, trabajo en equipo, organización de tareas, etc. Me sirvió muchísimo la experiencia y me quede con ganas de seguir aprendiendo”.</p>
</blockquote>
</div>
</div>



<blockquote class="wp-block-quote">
<p style="font-size:16px"><em>“Un puente indispensable entre la teoría y la realidad laboral. Me permitió comprender la complejidad y dinamismo de una organización. Pude comprobar la intensidad de los ritmos de trabajo y ver la importancia del trabajo en equipo, algo que siempre nos señalaron en la carrera. <br>Las Prácticas han sido un componente esencial y sumamente útil en mi formación, dándome una visión clara de los desafíos reales que enfrenta una empresa.”</em></p>
</blockquote>



<blockquote class="wp-block-quote has-text-align-right has-background" style="background-color:#f6f6f6">
<p style="font-size:16px"><em>“Queremos agradecerle por la formación que brindan. La alumna mostró una preparación académica y actitud de calidad, lo cual refleja claramente su guía y acompañamiento. Su desempeño en las Prácticas fue excelente: comprometida, respetuosa, y con una mirada profesional que suma. Gracias por formar personas que realmente marcan diferencia.”</em></p>
<cite>Tutor de una estudiante</cite></blockquote>

<p>¿QUÉ SON LAS PRÁCTICAS PROFESIONALIZANTES? COORDINADOR DE LAS PRÁCTICAS | Prof. Andrés Prez Las Prácticas Profesionalizantes son aquellas instancias formativas que forman parte de la propuesta curricular con la finalidad de que los/as estudiantes consoliden, integren y amplíen las capacidades y saberes que se corresponden con el perfil profesional para el cual se están formando. &#8230; <a title="" class="read-more" href="https://isp4-sfe.infd.edu.ar/sitio/practicas-profesionalizantes/" aria-label="More on ">[+]</a></p>
