{"id":4001,"date":"2023-02-17T20:54:15","date_gmt":"2023-02-17T23:54:15","guid":{"rendered":"https:\/\/isp4-sfe.infd.edu.ar\/sitio\/?page_id=4001"},"modified":"2025-07-31T11:07:25","modified_gmt":"2025-07-31T14:07:25","slug":"correlatividades-2","status":"publish","type":"page","link":"https:\/\/isp4-sfe.infd.edu.ar\/sitio\/correlatividades-2\/","title":{"rendered":""},"content":{"rendered":"\n<h2 class=\"wp-block-heading has-text-color\" style=\"color:#097e8f\">Dise\u00f1o Curricular<\/h2>\n\n\n\n<hr class=\"wp-block-separator has-text-color has-alpha-channel-opacity has-background\" style=\"background-color:#097e8f;color:#097e8f\"\/>\n\n\n\n<blockquote class=\"wp-block-quote\">\n<p><em>PROF. en EDUCACI\u00d3N SUPERIOR en CIENCIAS de la EDUCACI\u00d3N<\/em><\/p>\n\n\n\n<p><em>A continuaci\u00f3n, podr\u00e1n acceder a dise\u00f1o curricular correspondiente:<\/em><\/p>\n<\/blockquote>\n\n\n\n<div class=\"wp-block-buttons is-layout-flex\">\n<div class=\"wp-block-button is-style-outline\"><a class=\"wp-block-button__link has-text-color wp-element-button\" href=\"https:\/\/isp4-sfe.infd.edu.ar\/sitio\/wp-content\/uploads\/2023\/02\/Anexo-I-con-indice-hipertextual-3.pdf\" style=\"border-radius:24px;color:#097e8f\" target=\"_blank\" rel=\"noreferrer noopener\">Resoluci\u00f3n 2462\/22<\/a><\/div>\n\n\n\n<div class=\"wp-block-button is-style-outline\"><a class=\"wp-block-button__link has-text-color wp-element-button\" href=\"https:\/\/isp4-sfe.infd.edu.ar\/sitio\/wp-content\/uploads\/2022\/02\/Diseno-Cs_Educacion.pdf\" style=\"border-radius:43px;color:#097e8f\" target=\"_blank\" rel=\"noreferrer noopener\">Decreto 260\/03<\/a><\/div>\n<\/div>\n\n\n\n<p><\/p>\n","protected":false},"excerpt":{"rendered":"<p>Dise\u00f1o Curricular PROF. en EDUCACI\u00d3N SUPERIOR en CIENCIAS de la EDUCACI\u00d3N A continuaci\u00f3n, podr\u00e1n acceder a dise\u00f1o curricular correspondiente:<\/p>\n","protected":false},"author":1921,"featured_media":0,"parent":0,"menu_order":0,"comment_status":"closed","ping_status":"closed","template":"","meta":[],"acf":[],"_links":{"self":[{"href":"https:\/\/isp4-sfe.infd.edu.ar\/sitio\/wp-json\/wp\/v2\/pages\/4001"}],"collection":[{"href":"https:\/\/isp4-sfe.infd.edu.ar\/sitio\/wp-json\/wp\/v2\/pages"}],"about":[{"href":"https:\/\/isp4-sfe.infd.edu.ar\/sitio\/wp-json\/wp\/v2\/types\/page"}],"author":[{"embeddable":true,"href":"https:\/\/isp4-sfe.infd.edu.ar\/sitio\/wp-json\/wp\/v2\/users\/1921"}],"replies":[{"embeddable":true,"href":"https:\/\/isp4-sfe.infd.edu.ar\/sitio\/wp-json\/wp\/v2\/comments?post=4001"}],"version-history":[{"count":5,"href":"https:\/\/isp4-sfe.infd.edu.ar\/sitio\/wp-json\/wp\/v2\/pages\/4001\/revisions"}],"predecessor-version":[{"id":5362,"href":"https:\/\/isp4-sfe.infd.edu.ar\/sitio\/wp-json\/wp\/v2\/pages\/4001\/revisions\/5362"}],"wp:attachment":[{"href":"https:\/\/isp4-sfe.infd.edu.ar\/sitio\/wp-json\/wp\/v2\/media?parent=4001"}],"curies":[{"name":"wp","href":"https:\/\/api.w.org\/{rel}","templated":true}]}}